 remainder when a is divided by 2?
1
Suppose 1 = -4*i + 3*v - 12, -v = 3*i + 13. Let h(c) = -c**3 - 4*c**2 + 4. What is the remainder when 7 is divided by h(i)?
3
Suppose -2*o = 5*r + 207, -2*o + 2*r - 166 = 76. Let v = 40 - o. Suppose -3*a + v - 27 = 0. Calculate the remainder when a is divided by 15.
13
Suppose -d + 8 = -2. Suppose 0 = 4*s + 12, -5*u + 278 = 4*s - 0*s. Suppose u = 4*w - 2*w. What is the remainder when w is divided by d?
9
Let l(q) = -q**2 - 13*q - 1. Calculate the remainder when l(-11) is divided by 4.
1
Let i(b) = 4*b**2 + 2*b - 1. Let z be i(1). Calculate the remainder when (51/(-15))/((-1)/z) is divided by 10.
7
Suppose -g = 2*o - 63, -3*g = -3*o + 95 - 23. Calculate the remainder when 56 is divided by o.
27
Let o(z) = -z**3 - 2*z**2 + 8*z + 3. Let i = 13 - 3. What is the remainder when o(-5) is divided by i?
8
Suppose -10 = -3*f - 3*c - 1, 2*f = 2*c + 6. Calculate the remainder when 10 is divided by f.
1
Let x(f) = f + 18. Calculate the remainder when 26 is divided by x(-11).
5
Suppose -o + 8 + 6 = 0. Suppose a + 3 = 2, -2*y + 4*a - 10 = 0. Let u = o + y. What is the remainder when 12 is divided by u?
5
Let t be ((-39)/12)/(1/4). Let b = 26 + t. Calculate the remainder when 50 is divided by b.
11
Suppose q - 5*a + 5 = 0, -a = 2*q - 7*q + 47. Calculate the remainder when q is divided by (-4)/(-18) + (-50)/(-18).
1
Calculate the remainder when 68 is divided by 3/5 - (-3)/(-30)*-194.
8
Let x(h) = h**3 + 7*h**2 - 11*h - 1. Calculate the remainder when 3 - (0 - 1)*85 is divided by x(-8).
19
Let b = 4 + -2. Suppose -b*x - 3*g = -4*g - 78, 3*x = -4*g + 106. Suppose -4*a - x = -3*f, -5*f + 3*a = -f - 53. Calculate the remainder when f is divided by 5.
4
Let s(z) = -z**3 + 4*z**2 - z - 3. Let m be s(5). What is the remainder when 20 is divided by (-4)/(-2)*m/(-6)?
9
Let j be (10 - (-2 - -2)) + -1. Let d = -4 + j. Suppose 0*n = 2*n - 18. What is the remainder when n is divided by d?
4
Suppose -2*f = 0, 4*f = 4*u - 3*u. Suppose u = 4*d + 5*q + 14, 2*d - 7*d = 5*q + 15. Calculate the remainder when 2/(d - 0) + 31 is divided by 15.
14
Suppose 4*g + t - 5*t - 124 = 0, 0 = 4*g - 5*t - 126. Let r = 42 - g. Let w = -5 + 10. What is the remainder when r is divided by w?
3
Let j(h) = h**2 + 16*h + 31. What is the remainder when 3 is divided by j(-14)?
0
Let l = -8 + 13. Suppose -4*x + 75 = -5*z + x, -l*x + 15 = -z. Let t = 49 + z. What is the remainder when t is divided by 18?
16
Let r be 0 + 3 + -2 + 4. Let q(g) = g**3 - 4*g**2 - 4*g + 2. Calculate the remainder when q(r) is divided by 4.
3
Let g(c) = c**3 - c**2 + 57. Let f be g(0). Suppose f = 5*t + 2. Let a = t + -6. Calculate the remainder when 8 is divided by a.
3
Let y = 109 + -47. Let t = 47 + -31. Calculate the remainder when y is divided by t.
14
Let a = 4 - -3. Let i(z) = z**2 + z. Let c be i(-1). Suppose c*g - 5*g + 55 = -5*h, 17 = g + 2*h. Calculate the remainder when g is divided by a.
6
Let k(i) = -i**3 - 9*i**2 + 10*i + 3. Let c be k(-10). Suppose 0 = -f + 5, 2*f + 147 = c*b + 40. What is the remainder when b is divided by 20?
19
Let v = -4 + 4. Suppose -3*c + v + 18 = 0. Suppose -2*y = 4*o - 24, 4*o - 4*y - 4 = -o. What is the remainder when c is divided by o?
2
Suppose -2*g + 98 = 2*u, 5*g - 4*u + 8*u - 241 = 0. Calculate the remainder when g is divided by 8.
5
Let z = -8 - -17. Suppose -p + z = 2*p. Calculate the remainder when 6 is divided by p.
0
Let y = 14 - 11. Suppose 0*c - y*c + 45 = 0. Calculate the remainder when 1/((-2)/(-86) + 0) is divided by c.
13
Let r = -24 + 26. Suppose -r*a = 4*k - 56, -4*k + 2*a + 14 = -34. Calculate the remainder when 63 is divided by k.
11
Suppose 3*k - 36 = k. Calculate the remainder when k is divided by 11.
7
Let t(s) = -s + 6. Suppose 0*x = 2*x. Let f = 0 + x. Calculate the remainder when t(f) is divided by 4.
2
Let p(t) = t**3 - 8*t**2 + 14*t - 5. Calculate the remainder when p(7) is divided by 16.
12
Let p be -9*(-1 + (-4)/(-3)). Let v = 6 + p. Suppose -o + v + 0 = 0. What is the remainder when 5 is divided by o?
2
Suppose 0 = -x + 3*x + 2*a - 6, 4*a + 9 = 3*x. Suppose -x*o + 10 = -35. Suppose -u + o = -0*u. What is the remainder when 44 is divided by u?
14
Let k be 3 - 1 - 0/1. Suppose -3*s + 50 = 5*j, k*s + 6 = -4. Suppose -2*x - 25 = -7*x. Calculate the remainder when j is divided by x.
3
Let u(a) = a**3 + a**2 + a + 9. What is the remainder when 17 is divided by u(0)?
8
Let a = -48 - -61. Suppose -2*k + 16 = -6*k, 0 = c - 4*k - 14. Calculate the remainder when 210/9 - c/3 is divided by a.
11
Suppose -56 = -4*w - 0*w. Calculate the remainder when 66 is divided by w.
10
Let a(h) be the first derivative of -h**2 + 1. Suppose 0 = 2*b + x - 34, 5*x - 22 - 12 = -2*b. What is the remainder when b is divided by a(-3)?
5
Let u(h) = -h**2 + 17*h + 4. Calculate the remainder when 59 is divided by u(16).
19
What is the remainder when 35 is divided by 4/1*2*(-9)/(-8)?
8
Suppose 0 = -2*x + 4, 9*w - 12*w + x + 277 = 0. Calculate the remainder when w is divided by 19.
17
Let k = 14 + -7. Calculate the remainder when k is divided by 5.
2
Suppose 4 + 0 = -v, 4*v = 4*i - 32. Suppose 0*o = -i*o + 4. What is the remainder when -2 - (1 - 21 - o) is divided by 10?
9
Let y(w) = -w**2 + 2*w + 2. Let p be y(0). Suppose -p*f = f - r - 23, 0 = 4*f - 3*r - 24. What is the remainder when f is divided by 5?
4
Let m = -31 - -3. Suppose 0 = -0*i - 3*i - 129. Let y = m - i. What is the remainder when 57 is divided by y?
12
Let q(z) = -z**2 - 18*z - 34. Suppose 2*o - 5 = 7*o, 0 = 3*w + 2*o - 22. What is the remainder when q(-15) is divided by w?
3
Suppose 0 = 2*y + 3*y - 85. Calculate the remainder when y is divided by 10.
7
Suppose 5*j = 3*k - 45, -k + 15 = -j - 4*j. What is the remainder when k is divided by 9?
6
Suppose 2*v + 9 = -33. Let m = v + 29. Calculate the remainder when m is divided by 3.
2
Let a be 2/(-4) - (-10)/(-4). Let v(t) = t**2 + 2. Let f = 15 + -11. Calculate the remainder when v(a) is divided by f.
3
Let w(d) = -1 + 6*d - 1 + 2*d. Let k = 16 + -14. What is the remainder when w(k) is divided by 5?
4
Let z(d) = -d + 24. Suppose 3*s - 65 = -2*s. Suppose 3*g - 4 - 92 = 0. Calculate the remainder when g is divided by z(s).
10
Let l(q) = -q + 11. What is the remainder when 103 is divided by l(-10)?
19
What is the remainder when ((-4)/(-8))/((-2)/(-116)) is divided by 15?
14
Suppose 213 = 5*n - 92. Suppose 4*i - 58 = -6. What is the remainder when n is divided by i?
9
Suppose -5 - 31 = -4*j. Let c(b) = b**3 - 10*b**2 + 9*b + 3. Let i be c(j). Calculate the remainder when 19 is divided by (45/(-6))/i*-2.
4
Suppose 0 = -0*o - o + 35. What is the remainder when 60/o + (-2)/(-7) is divided by (3/2 + -2)*-2?
0
Let y be (-1 - -1)*6/(-12). Suppose 0*g + 5*g - 195 = y. Suppose -3*l = -0*l - g. What is the remainder when 24 is divided by l?
11
Let y be (158/4)/(4/8). Suppose 4*x + u = 24 + 45, 3*u = -4*x + y. Calculate the remainder when 47 is divided by x.
15
Let a = 76 + 26. What is the remainder when a is divided by 26?
24
Let a = 35 + -19. Calculate the remainder when 63 is divided by a.
15
Suppose 13*k = 9*k + 104. Suppose -2*z = z - 303. What is the remainder when z is divided by k?
23
Let m(z) = z**2 - 5. What is the remainder when 126 is divided by m(-7)?
38
Suppose -34 + 7 = -3*k. Suppose 5*f - 88 = -l + 42, f = -3*l + 40. Calculate the remainder when f is divided by k.
7
Suppose 3*d = 2*y - 7 + 2, 3*y = d + 18. Suppose -10*g = -y*g - 39. What is the remainder when 25 is divided by g?
12
Let b = 13 + -8. Suppose 5*f = q - 29, -7*q + 65 = -2*q - b*f. Let s(w) = -8*w + 1. What is the remainder when s(-3) is divided by q?
7
Let v(a) = a**3 + 10*a**2 + 6*a - 3. What is the remainder when v(-8) is divided by 20?
17
Suppose -5*l + 3*l = 6, 5*j - 160 = 5*l. Calculate the remainder when 113 is divided by j.
26
Suppose k = -c + 3, 0 = 2*c - 0*k - k - 21. Let n = c + -5. Calculate the remainder when 5 is divided by n.
2
Suppose -15*v + 7*v + 168 = 0. Calculate the remainder when 61 is divided by v.
19
Let i(j) = -j**2 + 10*j + 13. Let a be i(11). Let d = 17 + -9. Let t = a + d. What is the remainder when 17 is divided by t?
7
Suppose -q = 2*q - 6. Let k be (0/q)/(-3 - -1). What is the remainder when (k + 3)/((-6)/(-68)) is divided by 12?
10
Let h(q) =